nder when (-632)/(-40) + 1/p is divided by 9?
7
Suppose 12 = -2*i + 6*i. Let d = 5 + i. Calculate the remainder when 14 is divided by d.
6
Suppose -3*w = -26 + 2. Let v = 0 + 0. Suppose -2*f + y + 25 = v, 76 = f + 4*f + 2*y. Calculate the remainder when f is divided by w.
6
Let n = -6 + 9. Suppose -f + n*a - 1 = -0*f, 4*a - 23 = -3*f. Calculate the remainder when 9 is divided by f.
4
Suppose 5*u - s = 94, 2*s - 3 = -11. What is the remainder when u is divided by 10?
8
Calculate the remainder when (-4)/26 + (7 - 162/(-39)) is divided by 7.
4
Suppose 2*f - 1 = 21. Calculate the remainder when 32 is divided by -1 + -1 + (f - -2).
10
Let l = -7 + 36. What is the remainder when 141 is divided by l?
25
Let w = 0 + 33. Calculate the remainder when w is divided by 5.
3
Let t(a) = -15*a - 1. What is the remainder when t(-1) is divided by 8?
6
Let t be -2*(-135)/2 - 0. Let u = t + -94. Calculate the remainder when u is divided by 14.
13
What is the remainder when 51 is divided by -3*32/(-6) + -2?
9
Let o = -14 + 7. Let b(d) = -5*d**2 - 4*d. Let m(s) = 2*s**2 + 2*s. Let w(y) = o*m(y) - 3*b(y). Calculate the remainder when w(-3) is divided by 8.
7
Calculate the remainder when (((-11)/4)/(-1))/(31/372) is divided by 17.
16
Suppose 2*m + 0 + 5 = v, 8 = 4*v - 5*m. Calculate the remainder when v/(1/(2 + -15)) is divided by 10.
9
Let s be -3*(-3)/(-18)*-2. Let x be 186/8 + s/(-4). Suppose -20 = n - 2*n + 4*t, 0 = -n + 5*t + x. Calculate the remainder when 23 is divided by n.
7
Suppose 4 = 2*u + 2*u. Let t = u + 43. Suppose -m + 30 = m. Calculate the remainder when t is divided by m.
14
Let f(j) = -j**2 - 6*j - 3. Let l be f(-5). Let d = 8 - l. Suppose 5*w = 4*z - 64, 3*z + 5*w + 0 = 48. What is the remainder when z is divided by d?
4
Let n = 16 + 0. Calculate the remainder when n is divided by 9.
7
Let v(g) = g + 9. Let w(u) = -u**3 + 9*u**2 + 2*u - 11. Let s be w(9). What is the remainder when 59 is divided by v(s)?
11
Suppose -p - 2*s - 3 = 0, -2*p + 2*s - 31 = s. Let w = 19 + p. Calculate the remainder when w is divided by 12/(-21) + 96/21.
2
Let j(f) = f**2 - 2*f - 5. Suppose -60 = 91*s - 95*s. Calculate the remainder when j(-6) is divided by s.
13
Suppose 5*k - 42 - 168 = 0. Calculate the remainder when k is divided by (22/6)/((-2)/(-12)).
20
Let j = 17 + 10. Let f be (-48)/27 + 4/(-18). What is the remainder when j is divided by 1 + (14 - 3) + f?
7
Let a = -20 - -44. Let z(x) = 2*x**2 + 6*x + 5. What is the remainder when a is divided by z(-4)?
11
Suppose 10*i + 408 = 13*i. Calculate the remainder when i is divided by 35.
31
Let w = 77 - 45. Let h(y) = y**3 - y. Let s be h(-1). Suppose s = -2*b, -2*b - 55 = -5*d - 6*b. What is the remainder when w is divided by d?
10
Suppose b - 5*n = -0*b + 33, 0 = 3*b + 3*n - 9. Suppose 7*s = 5*s + 4. What is the remainder when 14 + 1*(3 - s) is divided by b?
7
Let h be (-4)/(-14) - (-131)/7. Let r = h + -8. What is the remainder when r is divided by 2/2 - (-7 + 4)?
3
Suppose 0*x + x = 53. Let s(k) = -k**2 - 5*k + 8. Let i be s(-6). Suppose 0 = m + 4*r - 18, m + i*m = -4*r + 46. What is the remainder when x is divided by m?
11
Suppose -j - 9 = -s, 2*j - 15 = -5*s + j. Suppose a = s*h + 52, -a + 142 = 2*a - 5*h. Calculate the remainder when a is divided by 15.
14
Let l be (-807)/(-9) - 1/(-3). What is the remainder when l/(-12)*12/(-10) is divided by 4?
1
Let c be 18*(1 - (-20)/3). Let z = -78 + c. Suppose z = 3*k + 2*k. Calculate the remainder when 22 is divided by k.
10
Suppose 2*k - 252 = -2*k. Let x = -85 - -194. Let y = x - k. Calculate the remainder when y is divided by 12.
10
Let n be -2 - (-1 - -3) - -9. Let b = n - -2. Let o(j) = 3*j + 5. What is the remainder when o(5) is divided by b?
6
Let q be (-2)/6 + 124/(-6). Let c = 35 + q. Let p(u) = -3*u**3 - 4*u**2 - 4. What is the remainder when p(-3) is divided by c?
13
Suppose -4*p + 2*q - 88 = 0, -5*q + 15 = -p - 8*q. Let o = 114 + p. What is the remainder when o is divided by 24?
21
Let j(r) = r**3 - 10*r**2 + 9*r - 11. Calculate the remainder when j(10) is divided by 20.
19
Let l = 14 - 11. Suppose -l*j + 43 = j + 3*o, -56 = -5*j - 3*o. What is the remainder when j is divided by 4?
1
Suppose -5*u = -50 + 5. Let i(d) = -d**3 - d**2 + 3*d - 2. What is the remainder when i(-4) is divided by u?
7
Let r = 8 - 3. Let u = -65 + 78. Calculate the remainder when u is divided by r.
3
Let i(v) be the first derivative of v**3/3 - 8*v**2 + 4*v + 2. Calculate the remainder when 7 is divided by i(16).
3
Let o(s) = 9*s. Let x(w) = -5*w. Let b(g) = 6*o(g) + 11*x(g). Let v = -7 + 3. What is the remainder when 10 is divided by b(v)?
2
Let u = 0 + 11. Calculate the remainder when u is divided by 3/(-4) - (255/(-4))/17.
2
Suppose 6 = 2*p - 2. Suppose 3*u + 0*i - i - 17 = 0, -p*u - i + 11 = 0. Calculate the remainder when 11 + 0/(4 + (-1 - 2)) is divided by u.
3
Let s(y) = 5*y + 2. Calculate the remainder when 63 is divided by s(4).
19
Let s(k) = -k**3 - 7*k**2 - 2*k - 2. Calculate the remainder when 105 is divided by s(-7).
9
Let y be (2/3)/((-8)/(-12)). Suppose -s - y = -15. What is the remainder when s/(0/(-3) - -2) is divided by 4?
3
Let v be -2*(-1)/2*1. Let l be v/(2/(-10) - 0). Let m(z) = -2*z + 7. Calculate the remainder when 49 is divided by m(l).
15
Let b = 19 + -11. Let z be (-102)/(-6) - (1 - 0). Suppose 5 = i + 4, 0 = a + i - z. Calculate the remainder when a is divided by b.
7
Let k be (-82)/(-8) + 2/(-8). Let v = -3 + k. What is the remainder when 12 is divided by v?
5
Suppose 0 = -4*w + 30 + 2. Calculate the remainder when w is divided by 3.
2
Let d = -9 + 17. Let t = d + -6. What is the remainder when 6 is divided by t?
0
Suppose 3*d = 6*s - 3*s + 3, 0 = 2*s + 10. Calculate the remainder when 17 is divided by (-1)/((d/(-5))/(-4)).
2
Let t = 10 - 0. Suppose -r = -4*p + 161, -p - 3*r + 47 = t. Suppose 5*o - p = 120. Calculate the remainder when o is divided by 11.
10
Let g = -74 + 99. Calculate the remainder when g is divided by 14.
11
Let s(b) = -b + 32. Calculate the remainder when s(-12) is divided by 17.
10
Let c(p) = 2*p - 1. Let h be c(2). Suppose -194 = -4*y + h*b + 42, 290 = 5*y - 5*b. Calculate the remainder when y is divided by 21.
20
Suppose 0 = -13*l - 0*l + 897. What is the remainder when l is divided by 12?
9
Let n(d) = d**3 + 6*d**2 + 5*d + 6. Let g be n(-5). Let h = g + -3. Suppose -3*i - 2*i + 35 = 0. What is the remainder when i is divided by h?
1
Let f(h) = -h**2 - 13*h - 6. Let b(n) = 2*n - 3*n + 4*n + 7. Let w be b(-6). What is the remainder when f(w) is divided by 6?
4
Suppose 3 = 3*l - 0. What is the remainder when 25 is divided by 6*(3/6 + l)?
7
Let m be (-55)/(-15) + (-4)/6. Let n(f) = 1 + f**m - 1 - 2 + f. What is the remainder when 23 is divided by n(2)?
7
Let m = 82 + -79. Calculate the remainder when 9 is divided by m.
0
Let o(f) = -f**2 + 11*f - 12. Calculate the remainder when o(9) is divided by 3.
0
Let q(g) be the first derivative of g**2/2 - 11*g + 1. Let z be q(0). Let u = 5 - z. Calculate the remainder when u is divided by 6.
4
Suppose -6*y + 148 = -2*y. What is the remainder when 257 is divided by y?
35
Suppose -5*n = 4*f - 34 - 38, 0 = 4*f + 3*n - 64. Let m(j) = -4*j - 3. Let h be m(-7). Suppose -2*v + h = 3*v. What is the remainder when f is divided by v?
3
Suppose -10*q - 39 = -13*q. Calculate the remainder when (-108)/2*2/(-3) is divided by q.
10
Let p = 17 + -11. Let n(o) = 15*o + 63. What is the remainder when p is divided by n(-4)?
0
What is the remainder when (33 + 1 - 8) + (-3)/1 is divided by 9 + 1 - (-4)/(-2)?
7
Let g(q) = 2*q**2 + 4*q - 13. Let c be g(10). Let l = c + -136. Calculate the remainder when l is divided by 23.
22
Let y be 4/(-6) + (-26)/6. Let c = y - -18. Calculate the remainder when 123/5 + 2/5 is divided by c.
12
Let p(l) = -52*l + 2. Let c be p(-4). Suppose 0 = 4*z + 22 + c. Let q = -26 - z. Calculate the remainder when q is divided by 11.
10
Suppose 3*i = 172 + 1178. Suppose 0 = 3*j + 12, 4*m + j - 5*j = 260. What is the remainder when m is divided by 6/(-14) + i/21?
19
Suppose -3*l = -4*l + 31. Suppose -4*w = o - 24, -o + l = 5*w - 0*o. Calculate the remainder when w is divided by 3.
1
Let m(n) = 4*n - 1. Calculate the remainder when m(4) is divided by (-36)/(-10) - 8/(-20).
3
Let b(t) = -t**3 - 1